ors of -7 + 6/d - -73.
3, 23
Let u(s) = 8*s**3 + 2*s**2 - 6*s - 4. Let m be u(3). Suppose 0 = -2*h, 2*p + h + 0*h = m. What are the prime factors of p?
2, 53
What are the prime factors of (8/(-5))/(-2*3/4410)?
2, 3, 7
Let l be 72/54*(-6)/(-4). Suppose l*s + 3*s + 180 = 0. Let j = s - -70. What are the prime factors of j?
2, 17
Let w(x) = -4*x - 5. Let r be w(-7). Let j(i) = i**3 - 2*i**2 + 2*i + 2. Let p be j(0). Suppose -t + r - p = 0. What are the prime factors of t?
3, 7
Let b = -112 - -116. Suppose c + b*r = -4*c + 498, -3*c + 292 = -r. List the prime factors of c.
2, 7
Let u = 10 + -10. Suppose 0 = -4*h - 2*j - 144, -j - 2 + 6 = u. Let k = 16 - h. List the prime factors of k.
2, 3
Suppose 4*d = 45 + 35. Suppose -3*b + 2*g + 0*g = -30, b = 4*g + 20. List the prime factors of 715/d - (-2)/b.
2, 3
Let r be 12*-4*2/(-24)*3. Suppose -227 + 23 = -r*h. What are the prime factors of h?
17
Suppose -2*s = -b + 8 - 22, -2*b - 18 = -2*s. What are the prime factors of 6/b*82*1/(-3)?
41
Let a be ((-4)/(-2))/((-1)/(-2)). Suppose -9 = u - a*u. Suppose -u*r + 20 = 5. List the prime factors of r.
5
Let x = -15 - -44. Let w = 40 - x. List the prime factors of w.
11
Suppose -v - 5*r + 8415 = 4*v, -2*r = -v + 1680. List the prime factors of v.
2, 29
Let i(o) = -o**3 - 20*o**2 - 14*o - 53. List the prime factors of i(-20).
227
Suppose -724 = -3*d - 0*d + 5*r, 0 = -4*d - 5*r + 942. What are the prime factors of d?
2, 7, 17
Suppose 0 = 3*u + 3*d - 4 - 5, d = -2*u + 7. Suppose -102 = -u*l + l. What are the prime factors of l?
2, 17
Let l be -6 + 5 - (-2 - -15). Let i(a) = -3*a - 18. Let x be i(l). Let n = x - 13. What are the prime factors of n?
11
Suppose 0 = 4*k - 12, 0 = 16*c - 11*c + 3*k - 1704. What are the prime factors of c?
3, 113
Suppose -2*q = q - 2*z - 319, -2*z = -4*q + 422. List the prime factors of q.
103
Let w(j) = -j**2 - 14*j - 10. Suppose 2*u + 5 = 9. Let p be 3/(3*u/(-20)). List the prime factors of w(p).
2, 3, 5
Suppose 0 = 30*t - 27*t - 663. Let s = -99 + t. List the prime factors of s.
2, 61
Let v = -14 - -8. Let l be v/(-21) - 78/(-21). Suppose -l*w - 2*c = w - 168, 3*w - c - 92 = 0. What are the prime factors of w?
2
Suppose 2*k - 5044 = a - 1365, 0 = 2*k + 3*a - 3691. What are the prime factors of k?
7, 263
Suppose -5*x = -1319 - 281. List the prime factors of x.
2, 5
Let n = 82 - 56. Suppose -p + 122 = g, 6 - n = 4*g. List the prime factors of p.
127
Let r(b) = b**3 - 2*b**2 + b - 3. Let c be 2/(-4)*(-12 - -6). Let n be r(c). Suppose n = -3*a + 48. List the prime factors of a.
13
What are the prime factors of -15*9/(-27) - -1357?
2, 3, 227
Suppose -y - 306 = 2*y. Let a = -24 - y. List the prime factors of a.
2, 3, 13
What are the prime factors of 280735/75 + -6 + 4/(-30)?
37, 101
Suppose -2*j + 5*u = -3075, -u - 3079 = -3*j + 1553. List the prime factors of j.
3, 5, 103
Let m be 88/20 - (-6)/(-15). Suppose -u - 6 = -m*u. What are the prime factors of u?
2
Let m = 7325 + -3854. List the prime factors of m.
3, 13, 89
Let z = -80 - -131. Suppose -z*y = -47*y - 300. List the prime factors of y.
3, 5
Suppose 2 + 0 = 2*q. Let l(f) = 6*f**2 + 1. Let m be l(q). Let g = m + 25. List the prime factors of g.
2
Suppose 0 = 20*x - 48 + 8. Suppose -4*k + 193 - 55 = 3*j, 2*j - 68 = -2*k. Suppose -g = -x*w + 3*w - 34, -g - 3*w + k = 0. List the prime factors of g.
3, 11
Suppose 21 - 9 = -3*g, -2*q - g = 24. Let i be (14 + -24)*4/q. Suppose 3*o - p - 92 = 0, i*o + 4*p - 101 = p. What are the prime factors of o?
29
Suppose 0 = 3*o - 21*o + 1368. What are the prime factors of o?
2, 19
Let k = 43 - 40. Suppose 0*f + m = -f + 154, k*m - 156 = -f. List the prime factors of f.
3, 17
Suppose 5*a + 2*d - 145 = 0, 2*a - 142 = 4*d - 60. Suppose 2*r - 2*q = -2, -5*r + 6 - a = 5*q. What are the prime factors of (r + 4)/((-2)/(-88))?
2, 11
Let w = -13 + 29. Suppose -9*n - 658 = -w*n. List the prime factors of n.
2, 47
Let h(m) = -15*m**2 + 9*m + 34. Let v(f) = -30*f**2 + 18*f + 67. Let c(l) = 7*h(l) - 4*v(l). List the prime factors of c(-4).
2, 3, 41
Let u = 2 + 2. Suppose 3*p - 2*p + 2*h = 107, -h = -u. What are the prime factors of p?
3, 11
Let k be (6 - 3 - 1) + 0. Let b(g) = -3 + 3 + k - g + 5. What are the prime factors of b(-5)?
2, 3
Suppose 4*n - 23 = -11, -3*n - 3155 = -4*u. List the prime factors of u.
7, 113
Suppose 0 = 5*k - 5*o + 20, -3*k - o + 0 + 4 = 0. What are the prime factors of 2/((-2)/(-19) - 0) + k?
19
Suppose 42*l + 22275 - 155289 = 0. List the prime factors of l.
3167
Let v be 6 + (-2 - -1 - -3). Let i be (-1398)/27 + v/(-36). Let a = -14 - i. List the prime factors of a.
2, 19
Suppose 8*h = -0*h - 168. List the prime factors of (740/35)/((-6)/h).
2, 37
Let v be (2/6)/(3/(-1719)). Let g = v + 360. What are the prime factors of g?
13
Let u = 12 - 6. Suppose 3*v + u = x, x + 2*v + v - 12 = 0. Suppose 2*c - 49 = x. What are the prime factors of c?
29
Let p(n) = 2*n**3 - 3*n**2 - 2. Let h = -11 - -14. Let b be p(h). Let i = b - 14. What are the prime factors of i?
11
Let u be 51 - (2 - 5)*1. Suppose t - o + 5*o = 18, -o = 3*t - u. List the prime factors of t*(-2)/4*-3.
3
Let q(d) = 28*d - 66. What are the prime factors of q(24)?
2, 3, 101
Let m = -2892 - -5191. List the prime factors of m.
11, 19
Let k = 33 + -30. Suppose 4*d + 305 = 2*f + k*f, 0 = -3*d - 15. List the prime factors of f.
3, 19
Let g = 256 - -329. What are the prime factors of g?
3, 5, 13
Let d(h) = 23*h + 95. Let p be d(-4). Suppose -4*y + 0*q = 2*q - 2, 4*q + 18 = 3*y. Suppose -66 = -p*b - 3*r, 2*r = -y*r. What are the prime factors of b?
2, 11
Let b(k) = -9*k**3 + 2*k**2 + 16*k - 3. List the prime factors of b(-5).
2, 3, 7, 13
Suppose 2*l = -4*n + 6, -n + 2*l - 4*l = 0. Suppose 3*s + 3*u - 4*u - 544 = 0, 0 = 3*s - n*u - 548. What are the prime factors of s?
2, 3, 5
Let y = -32 + 29. List the prime factors of y/3 + (2 - (-204)/3).
3, 23
Suppose -b + 1 = -3. Suppose 4*r + 8 = -b*l, -4*r - 20 = -9*r + 5*l. List the prime factors of -3 + r + (-111)/(-3).
5, 7
Let o(l) = l - 5. Let n be o(7). Let p = 22 + -18. Suppose -n*g + p*g - 28 = 0. What are the prime factors of g?
2, 7
Suppose 0 = -5*k + 2*b + 11, 2*b + 0 = 4. Suppose -3*a - 7 = 2. List the prime factors of (k + -6)/(a/32).
2
Let i = -8 + 8. Suppose -3*w - 2*v + 241 = i, -w + 4*w + v = 245. Suppose -2*b + 3*f + w = 0, 5*f = -5*b + 4*b + 35. What are the prime factors of b?
2, 5
Let z be 25 + -2 - (1 + 2). Suppose z = j + 4*j. What are the prime factors of j/18 + 2331/81?
29
Let k(u) = -u - 7. Let p be k(-7). Suppose -17 = -2*q - 2*x - 1, 2*x = p. List the prime factors of q.
2
Suppose 0*w + 3*w = 24. Suppose -b - 2*c - 3 = 0, 0*b - 2*b = 2*c + 6. What are the prime factors of (1 - w)/(1/b)?
3, 7
Let i be 144/14 + (-2)/7. Let p(g) = -2*g + 24. Let f be p(4). Suppose -h + i = -3*j, -3*h - 6*j + j + f = 0. What are the prime factors of h?
7
Suppose 43 = s - k, -23 = -2*s - 3*k + 73. Let y = s + -84. Let u = -19 - y. What are the prime factors of u?
2, 5
Let b(t) = 2*t - 1. Let c be b(5). Let i(h) = 9 - 7*h - 162*h**2 - 5*h - 6*h + 164*h**2 + 4*h. What are the prime factors of i(c)?
3, 5
Let y be (3 + 8)*-8 - 2. Let w = -51 - y. Let s = 92 - w. List the prime factors of s.
53
Let w = -19 - -33. Let v be 0 + -3 + 5 - w. Let f = v - -22. What are the prime factors of f?
2, 5
Let v be 1 - (0 - 1) - 18. What are the prime factors of ((-28)/v)/7 + 894/8?
2, 7
Suppose -4*x - 176 = -144. Let v = 48 - x. What are the prime factors of v?
2, 7
Let x = 1 + -11. Let n be 0 + (3 + -4 - x). List the prime factors of 0/(n/3) - -18.
2, 3
Suppose -107157 + 23307 = -30*z. List the prime factors of z.
5, 13, 43
Let x(a) = -540*a**3 - a**2 + 3*a + 2. List the prime factors of x(-1).
2, 269
Suppose 6*f - 8 = 2*f. Suppose -3 - f = m. List the prime factors of 1 + 10 - (m - -3).
13
What are the prime factors of 3/(2*4/(-8)) + 607?
2, 151
Let i = 24 + -13. Suppose 3*f + 17 = i. Let n(j) = -5*j**3 + 3*j + 2. What are the prime factors of n(f)?
2, 3
Let s be (-18)/6*(-2)/6*5. Suppose h - 4*r = 1 + 1, 1 = -h + s*r. What are the prime factors of h?
2, 7
Let t(v) = 225*v - 302. List the prime factors of t(7).
19, 67
Suppose 2*g - 2*q - 18 = 0, -21 = -3*g - g - q. Let s(p) = p**2 - 15. List the prime factors of s(g).
3, 7
Suppose 4826 = 9*o - 457. List the